 22032311?
22032211
In base 10, what is -20835 + 0?
-20835
In base 7, what is 306425 - -12?
306440
In base 7, what is -6510410 - 5?
-6510415
In base 13, what is -1ba - 64bc?
-66a9
In base 15, what is 1 + 8deda?
8dedb
In base 9, what is -2166 - -132?
-2034
In base 15, what is -5a - -e05?
d9a
In base 11, what is 74820 - -6?
74826
In base 3, what is 11220002 - -11202?
12001211
In base 12, what is -4 + 32465?
32461
In base 15, what is 0 - 339c2?
-339c2
In base 8, what is 701016 - 5?
701011
In base 15, what is -26 - 77ed?
-7824
In base 13, what is 2b6 + -246?
70
In base 3, what is 21 + -100002020001?
-100002012210
In base 14, what is 167d + -c?
1671
In base 2, what is 111 - 10010101110?
-10010100111
In base 16, what is 14d3 - 6?
14cd
In base 3, what is 2101 + -111201?
-102100
In base 12, what is 5368 - -1?
5369
In base 5, what is -3203041 + -12?
-3203103
In base 3, what is -1111 + 20221?
12110
In base 10, what is 11 - -141361?
141372
In base 13, what is 8970 + 4?
8974
In base 16, what is 1ee99 + 1?
1ee9a
In base 5, what is 1443433 + -2?
1443431
In base 12, what is 4b6 - -167?
661
In base 14, what is -315 + 20?
-2d5
In base 15, what is a3 - -18b?
23e
In base 14, what is 3 - 5dc0?
-5dbb
In base 14, what is -2b1b - -29?
-2ad2
In base 6, what is -102205 + -5?
-102214
In base 8, what is 4 - -1020752?
1020756
In base 12, what is -326 - 11?
-337
In base 16, what is -2c45 - 17?
-2c5c
In base 14, what is bb + -471?
-394
In base 11, what is 36 + 50a0?
5126
In base 6, what is 10555 - 14?
10541
In base 2, what is 10001100001101100 + -1?
10001100001101011
In base 9, what is -727 + -6876?
-7714
In base 15, what is 3a13 - 4?
3a0e
In base 10, what is 3 - -11389?
11392
In base 4, what is -3130310 + -23?
-3130333
In base 11, what is -1a50 + 46?
-1a05
In base 13, what is 26 - b2a?
-b04
In base 14, what is -12 - 252?
-264
In base 16, what is -a8f + 2?
-a8d
In base 11, what is 12aa + 311?
1610
In base 6, what is 2111513140 + 2?
2111513142
In base 13, what is 1 + 132731?
132732
In base 8, what is 0 + 25660?
25660
In base 16, what is -4aec + 1?
-4aeb
In base 13, what is -359b55 - -1?
-359b54
In base 6, what is 24145 - -35?
24224
In base 16, what is 7ff7 + -5?
7ff2
In base 13, what is 2 + -1b1bb?
-1b1b9
In base 11, what is 4026 + 113?
4139
In base 16, what is 45933 + -1?
45932
In base 11, what is 2 + -927798?
-927796
In base 2, what is 101 - 111000010100?
-111000001111
In base 7, what is -3 - -33405?
33402
In base 2, what is -1001101001001011 - -1001?
-1001101001000010
In base 8, what is 2574 - 102?
2472
In base 11, what is -2a9a987 + -4?
-2a9a990
In base 16, what is -c + 288?
27c
In base 6, what is 30332 + -411?
25521
In base 14, what is 26878 + 1?
26879
In base 12, what is 0 + b3b5?
b3b5
In base 4, what is -232000 - -2?
-231332
In base 10, what is 15961 + -8?
15953
In base 9, what is 47 + 150?
207
In base 10, what is 249 + -113?
136
In base 8, what is -5 + -3051510?
-3051515
In base 2, what is -100 + -1011011010011000?
-1011011010011100
In base 4, what is -102310 - 21213?
-130123
In base 14, what is -d32b + -1?
-d32c
In base 5, what is 3324 + 1431?
10310
In base 10, what is -4 + 294972?
294968
In base 12, what is -188 + 106?
-82
In base 16, what is 3b + -6f6?
-6bb
In base 16, what is 4 + -2d84?
-2d80
In base 5, what is -12011323 - -2?
-12011321
In base 2, what is -1010001 + 1001?
-1001000
In base 10, what is 11216 + 1?
11217
In base 8, what is -1370775 + 5?
-1370770
In base 8, what is -2 - -24446?
24444
In base 13, what is -32 - 163?
-195
In base 11, what is -1760 - 3a3?
-2053
In base 15, what is -b06b2 + -5?
-b06b7
In base 4, what is 0 - 22113232?
-22113232
In base 4, what is 10 + 3000112?
3000122
In base 7, what is -2402 - -1?
-2401
In base 4, what is 1 + 110323332?
110323333
In base 6, what is 1035351 - -1?
1035352
In base 7, what is -2 - -15630?
15625
In base 5, what is 22013 - -41?
22104
In base 6, what is 5541 + -35?
5502
In base 11, what is -1a7 + 799?
5a2
In base 6, what is -303323 + -34?
-303401
In base 15, what is -27 - 1978?
-19a0
In base 15, what is 5 - -5d4b?
5d51
In base 12, what is 1a7 + -5?
1a2
In base 2, what is 110110101111111 - -11?
110110110000010
In base 4, what is 2131311 + 23?
2132000
In base 5, what is -20202340 + 20?
-20202320
In base 13, what is -16 + -8756?
-876c
In base 14, what is -36309 - 4?
-3630d
In base 9, what is 26807 - -184?
27102
In base 12, what is -1b - 734?
-753
In base 3, what is -222 + -100011?
-101010
In base 4, what is -12 - -1123220201?
1123220123
In base 7, what is 1 - -51322?
51323
In base 7, what is 2662 - -5113?
11105
In base 8, what is -402 - 15624?
-16226
In base 6, what is 3 - -24405025?
24405032
In base 7, what is -56 + 46616?
46530
In base 8, what is 4 - 47657?
-47653
In base 8, what is 10 + 71614?
71624
In base 13, what is -7 - 26a9?
-26b3
In base 6, what is -5201 - 10441?
-20042
In base 4, what is -31212322 - 11?
-31212333
In base 15, what is 0 - -209e?
209e
In base 9, what is 0 - 15104?
-15104
In base 4, what is -1221320 + -103?
-1222023
In base 11, what is -5881 + -11?
-5892
In base 6, what is 2001224 - -4?
2001232
In base 9, what is -716515 - -2?
-716513
In base 4, what is -10 - -211200?
211130
In base 6, what is 5 + -310051?
-310042
In base 5, what is -11232 - -20?
-11212
In base 11, what is 18 + 210?
228
In base 2, what is 11011001001 - 1110101011?
1100011110
In base 2, what is -110011011010 - 10011000?
-110101110010
In base 10, what is 1 + 58408?
58409
In base 14, what is -d5 + 1074?
d7d
In base 12, what is 1762 - -123?
1885
In base 3, what is 20101 - -21?
20122
In base 3, what is -11021 - -21111011?
21022220
In base 8, what is 455563 + 2?
455565
In base 11, what is 5 - 194933?
-194929
In base 8, what is 3771 + -140?
3631
In base 15, what is 5732 - 4?
572d
In base 14, what is d4b05 - -4?
d4b09
In base 13, what is -5 - 43ab?
-43b3
In base 2, what is -1100110011101001 + 101?
-1100110011100100
In base 13, what is 2b - 4b9?
-48b
In base 5, what is 34000433 - -4?
34000442
In base 5, what is 10 + -3030121?
-3030111
In base 2, what is 101011 - 10101000?
-1111101
In base 8, what is 2151 + 11?
2162
In base 15, what is -2ae - -a?
-2a4
In base 13, what is 310 - -14a?
45a
In base 14, what is 1543b1 - 2?
1543ad
In base 6, what is -150452 + -3?
-150455
In base 14, what is -a - -158c?
1582
In base 3, what is 10121112201 - 10?
10121112121
In base 15, what is -3c54 + 9?
-3c4a
In base 14, what is 0 - -2129?
2129
In base 3, what is 101212101211 + 1?
101212101212
In base 9, what is 58263 + -3?
58260
In base 6, what is -312 + 2053?
1341
In base 13, what is 2398 + 5?
23a0
In base 2, what is 1010100 - -1101111111?
1111010011
In base 10, what is -4277 + -3?
-4280
In base 15, what is -4141 - 35?
-4176
In base 13, what is a0 + -4b?
52
In base 14, what is 3 + -d2a2?
-d29d
In base 7, what is -10233 - -564?
-6336
In base 6, what is -102 - -102020?
101514
In base 16, what is 4c5d + 4?
4c61
In base 2, what is -101 - 1111010111101010?
-1111010111101111
In base 10, what is 3764 - -175?
3939
In base 3, what is 102 + -20002000?
-20001121
In base 11, what is 3 - -366927?
36692a
In base 5, what is 424203 + -24?
424124
In base 11, what is 8697a30 + 5?
8697a35
In base 14, what is -5 + -170d?
-1714
In base 13, what is c9861 - 0?
c9861
In base 11, what is 38a30 - -5?
38a35
In base 2, what is -111101010110 - 1010100011?
-1000111111001
In base 6, what is 5 - -4503150?
4503155
In base 12, what is 3 + 11819?
11820
In base 4, what is 3 + 3012301133?
3012301202
In base 2, what is -1000011111100000 + 100?
-1000011111011100
In base 2, what is 0 + 1000110000100111100?
1000110000100111100
In base 3, what is -122020102 + -201?
-122021010
In base 8, what is -42 - -436?
374
In base 15, what is -d + 23bd?
23b0
In base 13, what is -5 + -55144?
-55149
In base 15, what is -40c + 1b?
-3e1
In base 7, what is -1606210 - 5?
-1606215
In base 7, what is -13341 - 3001?
-16342
In base 12, what is -786b1 + -5?
-786b6
In base 3, what is 11122 - -1110200121?
1110212020
In base 16, what is 119df3 - -2?
119df5
In base 13, what is 1781 + 0?
1781
In base 11, what is -2 - 4a740a?
-4a7411
In base 16, what is 381e - 5f?
37bf
In base 12, what is 3b7b + -1?
3b7a
In base 5, what is 10 - -411313?
411323
In base 12, what is 6 + -47696?
-47690
In base 4, what is -101302310330 - -2?
-1